2))?
-79
(-1 - -9 - (-185 - -185)) + (-1 + -1 - -18)
24
Calculate -89 + 79 + 5 + 3 + (0 - -11) + -29.
-20
4 + (33 + -24 - 47)
-34
893 + -907 + (5 - (-2 - 37))
30
Calculate 23 + 3 + -5 - (11 - (67 - -3)).
80
What is (15 - (1 - -32)) + 18 - 11 - (-2 - -11)?
-20
What is the value of 3 + -19 + 15 + 7 + 1 + 73?
80
What is -13 + 22 + -6 + (8 + -3 - 13) - 30?
-35
What is -4 + 1 + 0 - -63 - (2 + 12)?
46
What is 683 + -672 + (-5 - (1 - 3) - -16)?
24
Calculate -9 + -1 + 12 + (2 + 45 - -7).
56
Evaluate 4 + (-19 + 8 + 1 - -1) + 45.
40
What is the value of (-20 - (0 + -11 - 73)) + -8?
56
What is the value of -11 + 12 + (4 - 13) + -57 + 6 + 6?
-53
Calculate -4 - (-38 + 1 + 55).
-22
What is 1 - (-14 + 0) - (668 + -695)?
42
-6 - 8 - ((-31 - -27) + 0)
-10
Calculate 8 - (8 + (-9 + 8 + 0 - -39 - -9)).
-47
(11 + -2 - (22 + -4)) + 23 + 4
18
Calculate 0 + -98 + (-20 - (13 + -21)) + 31.
-79
What is the value of 24 - (-9 - -18) - (14 + -17 + 58)?
-40
What is -10 - 1 - (-41 + (54 - 26))?
2
What is 8 - (1 - -24) - 70 - -3 - -6?
-78
Calculate 14 + (79 - (1 - -6)) - 14.
72
-57 + (-30 - -132) - 54
-9
28 - (57 - (-31 - -41)) - (122 - -1)
-142
What is the value of 52 + -56 + 10 - (3 + -41)?
44
Evaluate (23 - 2) + -86 - (-9 - (7 + -11 - -1)).
-59
What is 27 + -134 + 49 + 10?
-48
What is the value of (-4 - -21) + 15 + -22 + -25?
-15
Evaluate 1 + (39 - 17) + -36 + 87 + -1.
73
Evaluate (8 - (4 - 28)) + -12 - (11 - 0).
9
What is the value of -29 + (-32 - (-25 + 1))?
-37
Evaluate -5 - -186 - (77 - -6).
98
Calculate (5 - (-1 - -18)) + 6 - 13.
-19
What is the value of (3808 - 3874) + 61 + -1?
-6
Calculate (-70 - 32) + 103 - (-1 + -2).
4
Evaluate -17 - (-10 + 26 - (38 + 4)).
9
Calculate -35 - 13 - -53 - (-4 + -10).
19
41 + -5 + -28 - (4 - 22)
26
What is the value of -4871 + 4907 - (1 + -2 + -3)?
40
What is the value of (-1223 - -1208) + (3 - -76)?
64
Calculate 7 + 294 + -283 + -34 + -4 + 0.
-20
Evaluate -1 + -11 + (14 - 1) + -7 - -51.
45
Evaluate -52 + 9 + -54 + 70.
-27
Evaluate 11 + (-58 - -37) + 54.
44
Evaluate 0 - 44 - (1165 + -1245).
36
What is -74 + 6 - -6 - (0 - (10 - 7) - 4)?
-55
Calculate 16 + (18 - 2 - (908 + -901)).
25
6 + -85 - (-131 + 83)
-31
Calculate -2 + -2 + 5 - (-57 + 42 + (-7 - -14)).
9
What is -24 + 88 + 22 + -73?
13
37 + 1 + (-184 - (-170 - 46))
70
What is the value of (1 - 13 - (-6 + 0 - (-808 + 801))) + -91?
-104
What is the value of -218 + 137 + 88 + -12 + (-1 - 1) + 3?
-4
Evaluate -275 + 266 - (11 + 2).
-22
What is (28 - 85) + 5 - 20?
-72
30 + -2 + 11 - 60
-21
62 + 44 + -96 - (-2 - 2) - (77 + -1)
-62
What is the value of 1 + 1 + (-16 - (-37 - -6 - (28 - 22)))?
23
Calculate 3 - 2 - -3 - ((40 - 23 - 73) + 41).
19
Calculate 43 - (-41 - (86 + -131)).
39
4 + -12 - -4 - (24 + -9 + 21 + -8)
-32
What is the value of 291 + -318 - (-45 + -3)?
21
Evaluate -16 + (11 + 15 - -7) + 35.
52
What is the value of (3 - (-1 - -3)) + 6 - (53 - 11)?
-35
Evaluate 7 + -15 + 23 - (10 - 35).
40
(101 - 10) + -48 + -86
-43
What is -14224 + 14267 - (1 - -6 - -1)?
35
What is the value of -16 + -33 - (-60 - -32)?
-21
What is the value of 53 - ((-46 - -133) + 86)?
-120
What is the value of -274 + 320 - (2 - -57)?
-13
Evaluate (-1 - 7) + (5 + -10 + 12 - (-23 - 3)).
25
41 - (0 - -23 - -63)
-45
14 + 8 + 11 + -61
-28
Calculate 15 + -8 + 6 - (345 - 281).
-51
Calculate 42 + (15 - 46) + 25.
36
Evaluate 23 + (11 - 14) + -10 + 8 + -51.
-33
(7 - 18) + (-8 - (-13 - (-3 - 11)))
-20
-42 + 5 + 19 - 53 - (1 - 8 - 1)
-63
6638 + -6648 - (-4 + -2 + (-4 - -34))
-34
Calculate (43 - (-72 - -59)) + (1 - -34).
91
Calculate -45 - -4 - -1 - (-6 + 11) - (37 + -44).
-38
33 - (-29 + (-33 - (-35 + 12)))
72
What is (-43937 - -43885) + -9 + 1 + (0 - (-3 - -2))?
-59
What is the value of (323 - 317) + 27 + 0 - 60?
-27
(-92 + -6 - -28) + -4 - -36
-38
Evaluate (-16 + 13 - (0 - 36)) + -2.
31
(-9 - -47) + -49 + -2 + 91 + 6
84
Evaluate 54 - 3 - ((-31 - -18) + 4).
60
What is (43 - (48 - 16) - (8 + 0)) + -126?
-123
What is (4 - 117) + 120 + -139?
-132
Evaluate (-7 - (14 + (-26 - -18))) + -5.
-18
Calculate 1 + -6 + -2 - ((-504 - -526) + (66 - -5)).
-100
What is 176 - 129 - (4 + -2 - 10)?
55
What is the value of 18 - (0 + 7) - (126 - 103)?
-12
What is (-259 - (-118 + -4)) + 138?
1
6 - (-14 + (1 - (7 + -49 - 8)))
-31
-594 + 623 - (0 - -5)
24
Evaluate (-12 - -80) + (12 - (18 - -6) - 4).
52
Evaluate 1 + (-53 + 59 - (3 - 1 - (-9 - 46))).
-50
What is 24 - (-32 + 59 + 8)?
-11
Evaluate 10 - ((-5 + 36 - (-3 + -5) - -7) + 11).
-47
Evaluate -1 - 5 - (-85 + -2 - (10 - -73 - 87)).
77
Calculate -23 + 3 - (10 - (-16 + 28 + 16)).
-2
Evaluate -62 + 93 + -32 + (5 - (2 + 2)) + 8.
8
Evaluate -15 - (-50 + 54) - -28.
9
Evaluate -21 + 28 + -40 - (6 - (6 - 4)).
-37
Calculate -5 + 15 + 10 + -108 - (-7 - 0).
-81
What is 2341 + -2314 - (-1 - (3 + 2))?
33
Calculate 25 - (84 - (65 - 24)).
-18
15 - (-4 + (-11 - -24) + 113 + -15)
-92
-1 + (6 + 13 + -9 - 4) + -79
-74
104 - (-61 + 121 + 0)
44
What is the value of -133 - (-57 + (77 - 107))?
-46
Evaluate -14 + 2 + (-196 - -213) - (-1 + 26).
-20
118 - (342 - 109) - -152
37
What is 1 - (7 - -6) - (82 - (-5 - (-4 + -2)))?
-93
0 + -13 - (40 - (-6 + 52 + -37))
-44
What is 32 + -22 + -15 + 13 + 26?
34
Calculate -58 + (160 - (75 - 6)).
33
Calculate -79 - (6 - (14 - (-18 - (-10 - 24)))).
-87
What is (3 + 12 + -20 - (-20 - -4)) + 3?
14
40 - 20 - 36 - (-8 + 77) - -21
-64
Calculate 51 + (3 - 43) + 8.
19
What is the value of (77 - (44 - -40)) + (1 - 18)?
-24
Evaluate -2 + -1 + -92 + -21 + 48 + (54 - 86).
-100
What is the value of -7 + 86 + -27 + -87?
-35
What is (-18 - -1) + -1306 + 1322 - -90?
89
What is 15 + 17 + -7 + 2 + -4 + 3?
26
What is the value of (-1 - (8 + -6) - -32) + -3 + 6 + -1?
31
Evaluate -29 - (-46 - (-46 - 18)) - -128.
81
Evaluate -1000 + 939 + -3 + 1.
-63
What is the value of 59 + -61 + (2 - 15) - (-46 - 10)?
41
What is 9 - ((66 + -10 - 62) + 0 + 2)?
13
What is the value of 0 + 1 + -51 + 1 - (161 + (-65 - 106))?
-39
(2 - -2) + (43 - 30) - 15
2
30 + (-26 - 49) + 92
47
What is -22 - -2 - 1 - ((-46 - (6 - 9)) + 36)?
-14
What is -65 - (-43 - (-23 - -97))?
52
What is the value of -14 + 23 + -8 + -10 + -2 + 34?
23
What is (14 + -1 - 8) + (49 - (19 + -8)) + 1?
44
4 + -2 + 1 - 6 - (-186 + 228)
-45
What is 74 + (-13 + 1 - (-2 + -4 + 1) - -9)?
76
35 + 85 + -55 - (2 - (1 - -12)) - 3
73
What is 17 - (26 + -10 - 6) - (-3 + -2)?
12
12 + (2 - 14) - ((-27 - 40) + -1 + -2)
70
What is the value of (2040 - 1908) + -62 + -1?
69
What is 18 + -46 - (7 - 13 - -17) - 8?
-47
What is the value of 127 + (75 - (18 - -131))?
53
What is 0 + 14 - (-35 + -8 + 52) - -120 - 10?
115
What is the value of (-18 - 6) + -458 + 490?
8
126 + (-92 - (-108 + 80))
62
What is the value of 62 + 82 + -182 + -12 + 0?
-50
-9 - (-27 - -125 - ((7 - 8) + 12) - 14)
-82
-2 - (10 + 11 + -54)
31
What is the value of -40 + 26 - (0 + -1 + -6 + 51)?
-58
Calculate (-8 - (15 - 5 - 22)) + -13 - -9.
0
Calculate -40 - (-15 + 8 + -19 - -32).
-46
What is (-85 - -137 - 62) + 53 + (0 - 1)?
42
What is 153 - (3 - -159) - (1 - -5)?
-15
What is the value of 125 - ((-57 - 45) + 187)?
40
(4 - (3 + 6)) + (6 - -10) + -20 + 58
49
Calculate ((1 - 8) + -24 - -16) + -6.
-21
What is the value of (-19 - -4) + (-16 - 73) + 28 - -16?
-60
What is -71 + (80 - 7) + (0 - 48)?
-46
30 + 3 - (34 - -43)
-44
(2 - (-1 + -2 + 0) - (232 + -235)) + -48
-40
68 + (-28 + -4 - -28 - (2 - 19))
81
What is (-59 - -19) + (-2 - 1) - 61?
-104
What is the value of -47 + (-1 + 0 - 0) - (-13675 + 13676)?
-49
What is the value of -15 - -6 - ((-6 - -25) + (-23 - 2))?
-3
What is the value of 1332 + -1372 - (-2 + 1 - 16 - -5)?
-28
What is the value of -2 + -32 - (-28 + 99 + -82)?
-23
What is the value of 47 - -1 - -2 - 82?
-32
Evaluate (0 + 12 + (-1 - 22) - 3) + 34.
20
Calculate (0 - -84) + 92 + -264.
-88
0 + -100 + -14 + 67 + (57 - 113)
-103
What is 33 - ((8 + -3 - 9) + (2 - (7 + 1)))?
43
(-27 - 19) + 33 + (1 - (-3 - -4))
-13
What is the value of -4 + (-45 - -91) + -37 + (2 - -8)?
15
What is (-7 + 3 + -1 - -19) + 3 + -1?
16
What is -7 + 12 + -6 + -3 + (-77 - (10 + -21))?
-70
Evaluate (-5 - -5 - -4) + (16 - 18) + -22.
-20
Calculate -24 - 70 - -159 - 56.
9
Evaluate (31 - 6) + -30 + 11 + (1 - -1).
8
What is -41 - (-70 + (28 - 19))?
20
Evaluate -2 - (59 + 1 + (127 - 108)).
-81
Evaluate 1 + 108 + (925 - 949) + (2 - 0) + 3